ppose -58778 = 122*r - 278622. What is the remainder when r is divided by 152?
130
Let v = -5963 + 7740. Calculate the remainder when v is divided by 89.
86
Calculate the remainder when 1032/(-20)*260/(-8) is divided by 19.
5
Suppose -3*y = 17*w - 20*w + 360, y = 2*w - 236. What is the remainder when 1040 is divided by w?
112
What is the remainder when 378 is divided by 2/(-8) + (-22)/8 - (-656 - -576)?
70
Let y = -450 - -649. Suppose -2*w - 2*b = -2, -3*b = -2*w + 12 - 15. Suppose m = -4, -4*m = -w*n - 3*n + 166. Calculate the remainder when y is divided by n.
49
Let b = 1788 + -1756. Calculate the remainder when 1054 is divided by b.
30
Suppose -d + 61 = -w, 3*d + 4*w - 72 - 90 = 0. Let t(l) = 108*l**2 + 10472*l - 113. What is the remainder when t(-97) is divided by d?
43
Suppose 873*m - 881*m + 2488 = 0. What is the remainder when m is divided by 299?
12
Calculate the remainder when 142 is divided by 2/(-20) + (-46494)/(-540).
56
Let r(b) = 82*b + 2. What is the remainder when r(2) is divided by (-25272)/(-598) + 390/(-1495)?
40
Suppose 47*p = 4306 + 124850. Calculate the remainder when p is divided by 25.
23
Suppose 0 = 7*t + 37 - 821. Suppose t = -2*i + 16*i. Suppose 219 = 5*c + 79. What is the remainder when c is divided by i?
4
Let a(z) = 48*z + 2*z**3 - 42*z - 233 + 174 - 17*z**2. What is the remainder when a(9) is divided by 10?
6
Let b = 96678 + -96614. Suppose -5*r = -0*r - 30. What is the remainder when b is divided by r?
4
Let w be ((-104)/(-14))/((-32)/(-112)). Suppose -4*k + w + 54 = 0. Suppose v + v = k. Calculate the remainder when v is divided by 3.
1
Suppose -23460 = 55*g - 146440. Calculate the remainder when g is divided by 19.
13
Let f(v) = 4*v. Let y be f(5). Suppose o - y - 18 = 0. Suppose 0*q + q = o. What is the remainder when q is divided by 21?
17
Let o be -1*(-1337)/7*2. Calculate the remainder when ((-8)/(-16))/(383/o + -1) is divided by 28.
23
Suppose 5*w - 258 - 84 = -4*w. What is the remainder when 126 is divided by w?
12
Let h be 24/(-84) + 27/21. Let s(j) = 60*j**3 - j**2 - j. What is the remainder when s(h) is divided by 7?
2
Let i(j) = j**2 - 10*j - 7. Suppose -10 = -2*d, 4*m - 9*m = -5*d - 105. Let s = -14 + m. Calculate the remainder when 33 is divided by i(s).
16
Suppose 5*y - 2*v = 175, v + 2*v = 2*y - 70. What is the remainder when 5523 is divided by y?
28
Let a(x) = x**3 + 65*x**2 - 20*x - 221. Calculate the remainder when a(-65) is divided by 1078.
1
Suppose 262 = 17*v - 435. Suppose 46*s - v*s - 440 = 0. Calculate the remainder when s is divided by 35.
18
Suppose 0 = 10*x - 2*t - 11912, 10*x - 11*x - 4*t + 1208 = 0. Calculate the remainder when x is divided by 14.
2
Let m(t) = -8*t - 78. Let h be m(-10). Calculate the remainder when 37 is divided by (h*-1)/(20/(-130)).
11
Suppose -2*j + 376 = 2*j. Let h = 40089 - 40055. Calculate the remainder when j is divided by h.
26
Let n be (-1 + 2)/(23/(-8) + 3). Suppose 93 = n*l - 163. Suppose 31 + l = 7*f. What is the remainder when 16 is divided by f?
7
Let q = 2206 + -1906. Calculate the remainder when q is divided by 63.
48
Suppose -60 = -4*b - 2*d, -5*b + 9*d + 75 = 4*d. Let l be (-5396)/(-10) + (-8)/(-220)*11. Let m = 672 - l. Calculate the remainder when m is divided by b.
12
Let s be (48/14)/((-5)/(-35)). Suppose 4*b + 4 = s. Suppose -t = -b*v - 63, -2*t - t - 2*v + 104 = 0. Calculate the remainder when t is divided by 7.
3
Suppose -3*d = -5*d + 44. Calculate the remainder when -3 + -8*6/(-24) + (67 - 1) is divided by d.
21
Suppose 0*v = -5*x + 2*v - 31, v - 3 = 0. Calculate the remainder when 76 is divided by (x - -9) + (3 - -2*3).
11
Let q(g) = 9*g**2 + 36*g - 9. Let z be q(-9). Suppose 0 = 2*o + 5*y - 305 - z, 1041 = 3*o + 4*y. Calculate the remainder when o is divided by 69.
67
Let p = 71 - 115. Suppose -2*f - f = -3, 0 = -4*n - f - 115. Let w = n - p. What is the remainder when 58 is divided by w?
13
Suppose -182*j = -1637 - 5643. Calculate the remainder when 60 is divided by j.
20
Let p be 4 - ((-8)/(-2))/(-4). Suppose 4*l = -5*q + 1112, l - p*q - 45 = 208. What is the remainder when l is divided by 55?
53
Suppose -3*j = r - 46, -5*j - 5*r + 6*r = -90. Let l = 35 - j. What is the remainder when 81 is divided by l?
9
Suppose 2*l = 2*x - 154, 75 = x + 4*l - 6*l. What is the remainder when 701 is divided by x?
69
Suppose 190*w - 188*w = 224. Suppose w = -18*l + 22*l. What is the remainder when 306 is divided by l?
26
Suppose 363 = -2*n - 853. Let c be (1 - -6)*n/(-16). Calculate the remainder when 161 is divided by c/8 + 29/(-116).
29
Suppose -4*v - g + 21 = 0, 0*g - 12 = 2*v - 4*g. Suppose u - 263 = -v*o, -8*o - 2*u = -3*o - 325. Calculate the remainder when o is divided by 14.
11
Let w = 433 + -458. Let x be (1 - 3) + 4 - -34. Let a = x - w. What is the remainder when a is divided by 9?
7
Let u(k) = -k**3 + 20*k**2 - 72*k - 11. Calculate the remainder when u(9) is divided by 114.
4
Let x(t) = t**3 + 27*t**2 + 27*t - 52. Let y be x(-26). Let c = y + 153. Calculate the remainder when c is divided by 11.
9
Let h(s) = 2*s**3 - s - 14. Let m be h(3). Suppose -48*o + 2728 = -m*o. Calculate the remainder when o is divided by 21.
17
Let r be 1 - 2/(-2)*-1. Calculate the remainder when (1/(-2))/((10 - 28)/4248) is divided by (r - 2)/(-1) + 28.
28
Let b = -8778 + 9151. What is the remainder when b is divided by 25?
23
Suppose 98*a + 146 = 97*a. Let b = -112 - a. Calculate the remainder when 135 is divided by b.
33
Let d(u) be the second derivative of -u**5/10 + 5*u**4/6 - 5*u**3/6 + u**2 - u. Suppose 28*g - 173 + 61 = 0. What is the remainder when 138 is divided by d(g)?
12
Suppose -31*d + 25*d - 1110 = 0. Let b = d - -220. What is the remainder when 418 is divided by b?
33
Let w(f) = 26*f - 254. Let n be w(10). What is the remainder when 18 is divided by 7*((-1)/(5/(-35)) - n)?
4
Suppose -2*o = -4*k + 12, o + 1 = -1. Suppose 4*g - 4 = -0*g. Let l = 14 - g. What is the remainder when l is divided by k?
1
Let n(i) = -70*i + 458. Calculate the remainder when n(6) is divided by 37.
1
Suppose 54*c - 32*c = -32*c + 11394. What is the remainder when 8647 is divided by c?
207
Suppose 0 = -t, -4*p + 5*t = 2*t - 48. Suppose -5 = -h - 10. Calculate the remainder when h + 64/12 - 130/(-6) is divided by p.
10
Let b(j) = -j**2 + 7*j + 13. Let i be b(8). Suppose 2*q - 15 = 5*t, -i*q = 4*t - 67 - 53. Calculate the remainder when 115 is divided by q.
15
Let a(d) = -d**3 - 4*d**2 - 11*d - 32. Let q(y) = -y**3 + 16*y**2 - 15*y - 6. Let r be q(15). What is the remainder when a(r) is divided by 29?
19
Let w(l) = -7*l + 10. Let s(t) = -13*t + 19. Let c(x) = 6*s(x) - 11*w(x). Let q be c(9). Let o = q - -23. What is the remainder when 49 is divided by o?
13
Let j be -172*((-6)/(-3) + 18/(-8)). Suppose -164 = 39*v - j*v. What is the remainder when v is divided by 12 + (-2 - -1) + 0?
8
Let d(n) = -n**3 + 77*n**2 - 148*n - 33. Calculate the remainder when d(75) is divided by 26.
13
Let s(q) = -3*q**2 + 76*q + 761. Calculate the remainder when (-56)/(-6) - 2/6 is divided by s(33).
1
Suppose 45 = i + 2*w - 47, -15*w - 60 = 0. Calculate the remainder when i is divided by (-318)/(-4)*2/3.
47
Suppose -207 = 8*h - 111. Calculate the remainder when 417 is divided by (-179)/(-6) - (-2)/h*-1.
27
Let g(s) = 4*s - 64. Let x be g(17). Suppose -x*t = -4*c + 180, 4*c = -5*t - 23 + 176. Calculate the remainder when c is divided by (8/12)/(2/66).
20
Let v be (-7)/35 + (-222)/(-10). Suppose 21*g = v*g - 90. What is the remainder when (-104)/10*g/(-12) is divided by 27?
24
Let c(k) = -15*k**2 + 12*k - 9. Let v be c(6). Let i = v - -522. What is the remainder when 87 is divided by i?
42
What is the remainder when 3/(-1*(-5 + 6)) + 111 is divided by 3*(-1)/2*(-740)/111?
8
Suppose -3 = -4*i + 13, -3*i = -3*v. Let j = -18 - -17. Calculate the remainder when 59 is divided by (j + 1 - 42)*(-2)/v.
17
Let g = -45 - -47. Suppose d = 4*d - 51. Calculate the remainder when (-1200)/(-14) - g - 12/(-42) is divided by d.
16
Suppose -5 = -4*o + 3, 4*y - 280 = -2*o. Calculate the remainder when y is divided by (-20)/(-5) - (0 + -2*3).
9
Suppose 755 = 2819*i - 2814*i. Calculate the remainder when 301 is divided by i.
150
What is the remainder when 1856 is divided by ((-2668)/(-437) + 8/(-76))*74/6?
6
Calculate 